{"id":251,"date":"2018-05-13T09:58:05","date_gmt":"2018-05-13T09:58:05","guid":{"rendered":"https:\/\/www.rsn08.fr\/RSN\/?page_id=251"},"modified":"2025-11-16T09:45:03","modified_gmt":"2025-11-16T08:45:03","slug":"les-assemblees-generales","status":"publish","type":"page","link":"https:\/\/www.rsn08.fr\/RSN\/les-assemblees-generales\/","title":{"rendered":"Les Assembl\u00e9es g\u00e9n\u00e9rales"},"content":{"rendered":"<p>Acc\u00e9dez au contenu des AG pour:<\/p>\n<ul>\n<li><a href=\"https:\/\/www.rsn08.fr\/RSN\/wp-content\/uploads\/2025\/11\/RSN-PV-Assemblee-Generale-2024-.pdf\" target=\"_blank\" rel=\"noopener\">2024<\/a><\/li>\n<li><a href=\"https:\/\/www.rsn08.fr\/RSN\/wp-content\/uploads\/2024\/11\/RSN-PV-Assemblee-Generale-2023-def.pdf\" target=\"_blank\" rel=\"noopener\">2023<\/a><\/li>\n<li><a href=\"https:\/\/www.rsn08.fr\/RSN\/wp-content\/uploads\/2023\/11\/RSN-PV-Assemblee-generale-2022.pdf\" target=\"_blank\" rel=\"noopener\">2022<\/a><\/li>\n<li><a href=\"https:\/\/www.rsn08.fr\/RSN\/wp-content\/uploads\/2022\/10\/PV-AG-RSN-2021.pdf\" target=\"_blank\" rel=\"noopener\">2021<\/a><\/li>\n<li><a href=\"https:\/\/www.rsn08.fr\/RSN\/wp-content\/uploads\/2021\/12\/CR-AG-2019-2020-signe.pdf\" target=\"_blank\" rel=\"noopener\">2020<\/a><\/li>\n<li><a href=\"https:\/\/www.rsn08.fr\/RSN\/wp-content\/uploads\/2020\/10\/CR-AG-2019-1.pdf\" target=\"_blank\" rel=\"noopener noreferrer\">2019<\/a><\/li>\n<li><a href=\"https:\/\/www.rsn08.fr\/RSN\/wp-content\/uploads\/2019\/09\/PV-AG-2018.pdf\" target=\"_blank\" rel=\"noopener noreferrer\">2018<\/a><\/li>\n<li><a href=\"https:\/\/www.rsn08.fr\/AG2017.pdf\" target=\"_blank\" rel=\"noopener noreferrer\">2017<\/a><\/li>\n<li><a href=\"https:\/\/www.rsn08.fr\/AG2016.pdf\" target=\"_blank\" rel=\"noopener noreferrer\">2016<\/a><\/li>\n<li><a href=\"https:\/\/www.rsn08.fr\/AG2015.pdf\" target=\"_blank\" rel=\"noopener noreferrer\">2015<\/a><\/li>\n<li><a href=\"https:\/\/www.rsn08.fr\/AG2014.pdf\" target=\"_blank\" rel=\"noopener noreferrer\">2014<\/a><\/li>\n<li><a href=\"https:\/\/www.rsn08.fr\/AG2013.pdf\" target=\"_blank\" rel=\"noopener noreferrer\">2013<\/a><\/li>\n<li><a href=\"https:\/\/www.rsn08.fr\/AG2012.pdf\" target=\"_blank\" rel=\"noopener noreferrer\">2012<\/a><\/li>\n<li><a href=\"https:\/\/www.rsn08.fr\/AG2011.pdf\" target=\"_blank\" rel=\"noopener noreferrer\">2011<\/a><\/li>\n<li><a href=\"https:\/\/www.rsn08.fr\/AG2010.pdf\" target=\"_blank\" rel=\"noopener noreferrer\">2010<\/a><\/li>\n<\/ul>\n<p>&nbsp;<\/p>\n","protected":false},"excerpt":{"rendered":"<p>Acc\u00e9dez au contenu des AG pour: 2024 2023 2022 2021 2020 2019 2018 2017 2016 2015 2014 2013 2012 2011 2010 &nbsp;<\/p>\n","protected":false},"author":4,"featured_media":0,"parent":0,"menu_order":0,"comment_status":"closed","ping_status":"closed","template":"","meta":{"footnotes":""},"class_list":["post-251","page","type-page","status-publish","hentry"],"_links":{"self":[{"href":"https:\/\/www.rsn08.fr\/RSN\/wp-json\/wp\/v2\/pages\/251","targetHints":{"allow":["GET"]}}],"collection":[{"href":"https:\/\/www.rsn08.fr\/RSN\/wp-json\/wp\/v2\/pages"}],"about":[{"href":"https:\/\/www.rsn08.fr\/RSN\/wp-json\/wp\/v2\/types\/page"}],"author":[{"embeddable":true,"href":"https:\/\/www.rsn08.fr\/RSN\/wp-json\/wp\/v2\/users\/4"}],"replies":[{"embeddable":true,"href":"https:\/\/www.rsn08.fr\/RSN\/wp-json\/wp\/v2\/comments?post=251"}],"version-history":[{"count":14,"href":"https:\/\/www.rsn08.fr\/RSN\/wp-json\/wp\/v2\/pages\/251\/revisions"}],"predecessor-version":[{"id":1650,"href":"https:\/\/www.rsn08.fr\/RSN\/wp-json\/wp\/v2\/pages\/251\/revisions\/1650"}],"wp:attachment":[{"href":"https:\/\/www.rsn08.fr\/RSN\/wp-json\/wp\/v2\/media?parent=251"}],"curies":[{"name":"wp","href":"https:\/\/api.w.org\/{rel}","templated":true}]}}